(-36 - -10 - -3)).
9
What is the value of 7 + (2 - (4 - -9)) + (-7 - -29)?
18
Calculate -41 - ((23 + -8 - 40) + 13).
-29
(-7 - 10) + (4 - -6) + 2
-5
Evaluate 27 - (-14 - -2 - -3 - (-30 + 13)).
19
Calculate (-2 - (3 - -10)) + 2.
-13
Calculate (-52 - -21) + (-3 - -9).
-25
What is -3 - (5 - -1 - (-31 - -37))?
-3
Evaluate (-5 - (-7 - -8 - 0)) + -10.
-16
What is 3 - 9 - (-22 + -1) - 6?
11
Evaluate 31 + (-11 - (-7 + -9 + 3)) + -5.
28
1 - (0 + 1) - (-59 + -88 + 135)
12
What is (0 - 1) + (-251 - -250)?
-2
What is -16 + 18 + -5 + -8 - 5?
-16
Evaluate -31 + 50 - (29 + -1).
-9
Calculate (-1 - -10) + -1 + (29 - -7) + -61.
-17
Evaluate (15 + (-5 - 3) + 3 - 5) + -7.
-2
Evaluate (18 - -2) + -14 + -17.
-11
What is 3 + 0 + -3 + 6 + 1 + 7?
14
Calculate -4 - ((4 - 18) + -1).
11
(-60 - -64) + (8 - (-3 - 0))
15
((-11 - -6) + 2 - -4 - 6) + 5
0
Evaluate -2 + 23 + -11 + 5.
15
What is -4 + 8 + -1 + (-11 - -16) - 8?
0
5 - -18 - 15 - (-2 + 0 - 1)
11
Evaluate 6 + -8 + 3 + -1 + 0 + 9.
9
What is the value of (-3 - (17 + -45 - -17)) + -24?
-16
-51 + 18 - (-39 - -5)
1
Evaluate 1 + (-1 - -7) + 2 + -16.
-7
What is the value of (24 - 18) + -5 + -6 + -10?
-15
What is 42 + (5 - 1) + 12 + (-45 - -24)?
37
Evaluate 59 - (27 - 30) - 47.
15
Evaluate (-20 - (6 + -5 - 13)) + -14.
-22
What is the value of 7 + (1 - (6 + -12 + 8))?
6
What is the value of 0 + (3 - -1) + -95 + 74?
-17
-10 - 1 - ((-12 - -1) + 12)
-12
(-4 - 5) + 4 + -1 + -9
-15
Calculate (-6 - 4) + -21 + 19.
-12
What is (8 - 23) + 8 - (11 + -9)?
-9
What is the value of -17 + -8 + (-8 + 2 - -25)?
-6
Evaluate (28 - 70) + (11 + -14 - -19).
-26
Calculate (-1 + 6 - 7) + -21 + 2 + 45.
24
-7 + 5 + -11 + -1 + 8 + -4
-10
Evaluate 10 + (-15 - (-4 + -4)).
3
Evaluate -1 + -4 + -3 + (-3 - 1 - -1).
-11
Calculate (34 - 26) + 3 + (5 - -8).
24
Evaluate -27 - (-4 + -2 + (-11 - (10 - 16))).
-16
What is the value of 9 + 9 + -9 + (13 - 6)?
16
What is the value of 0 + -2 + -4 - -5 - -2 - -11?
12
Calculate 2 + 5 + -5 + -14 + 23.
11
Calculate 6 + (-29 - -39) + -41.
-25
Evaluate -5 + 8 + 15 + -19.
-1
What is -9 + (29 - (27 - 2))?
-5
Calculate (-51 - -43) + (24 - (0 - -4)).
12
What is the value of -17 - -1 - 0 - -10?
-6
Calculate -5 - (3 + -5 - (2 - -5 - 20)).
-16
What is (2 - -2) + (-34 - (-2 - (-5 + 14)))?
-19
What is the value of (0 - 18) + 9 - (-14 + -12 + 25)?
-8
What is -2 - (28 - -16 - 86)?
40
What is the value of (2 - (-5 + (-2 - -5))) + (-19 - -24)?
9
What is the value of (21 - -1) + (-145 - -117) + (0 - 16)?
-22
10 - (1 - 3 - (-5 + 21 - 59))
-31
What is the value of -12 - (-7 + -12) - (13 + -15)?
9
Evaluate -214 - -209 - (-2 + 7 + -1) - 5.
-14
What is the value of 20 - (7 + 6 + 1) - 3?
3
What is the value of -38 + (28 - 37 - -36)?
-11
(44 - 9 - 85) + 17
-33
What is the value of (100 - 100) + (-1 - 18 - (-3 + 3))?
-19
Evaluate -3 + 3 + -3 - 4.
-7
Evaluate 36 + -1 + (10 - (-3 + 12) - 10).
26
What is the value of (-10 - 15 - -21) + -4?
-8
Calculate -8 + (-63 + 18 - -21).
-32
-68 + 68 + (-2 + 0 - (-12 + 30))
-20
-5 + -4 - (1 + 8 + (248 - 240))
-26
What is -3 - ((-41 - -53) + -1 + -2)?
-12
Evaluate -2 + 3 + (22 - 23).
0
10 + (20 - 56) + 10
-16
(-9 - 0 - -19) + -4 - 3
3
What is -14 - (12 + 7 + -18)?
-15
Calculate -40 + 12 + 30 + -8 + 1.
-5
9 + 9 + -3 - (-2 + 8) - 6
3
What is the value of (-32 - 0) + (18 - (14 - (16 + -13)))?
-25
Evaluate 17 + -13 + (17 - 17) - (0 - -35).
-31
What is the value of (3 - (3 - 0)) + -24 + 11?
-13
Calculate -14 + (6 - (6 + 3) - -7) + -2.
-12
16 + (0 - 0 - (-5 - (-8 + 2)))
15
What is -35 + 3 - -20 - -17?
5
(-23 - (-6 - 3)) + 23 + -6 + -5
-2
What is the value of 17 + (-12 - (-4 - (1 + -5))) + 6?
11
What is (13 - ((1 - 6) + (19 - 8))) + -2?
5
Evaluate 18 + -15 + 11 + 7 - 5.
16
-8 - (34 - 16 - 43)
17
Calculate 9 + (151 + -160 + (1 - -12) - 5).
8
Calculate -30 + 32 - (-5 - (2 - 4 - 0)).
5
Calculate 22 - (8 - -30) - -16.
0
15 - ((3 - 33) + 54)
-9
What is the value of -7 - (-1 + -5) - (-2 - 1 - 4)?
6
Calculate -3 + 45 + -40 + -29.
-27
Evaluate -14 + 10 - (4 + 11).
-19
What is -3 - -15 - (-63 - -76)?
-1
Calculate (10 - (-5 - (-15 - -8))) + 1.
9
What is the value of (-2 - -1) + 5 + (-10 - -32) + -7?
19
What is the value of 13 + (-4 - (2 + -8 - -11))?
4
What is the value of 0 - (-5 + 10 + -3 - (0 + -3))?
-5
Evaluate (7 - 23) + (1 - (7 + -4)) + 7.
-11
What is -4 - 16 - 0 - (-27 + 19)?
-12
Calculate -10 + (-19 + 42 - 20).
-7
What is the value of 25 + 0 - 17 - (5 - (2 + -2))?
3
What is the value of (3251 - 3311) + (18 - (0 - 2))?
-40
What is the value of (-797 - -785) + (10 - (4 + -2))?
-4
Calculate 15 - (-1 - -3 - (-55 + 61)).
19
(4 + 0 - 7) + -6
-9
Calculate 3 - (7 + 0) - 6 - (-1 - 0).
-9
What is the value of -11 - (7 - (39 - 12))?
9
What is -79 - -74 - (5 + (-2 - -1))?
-9
Evaluate (19 - 16) + 7 - (3 - 1) - 14.
-6
What is -6 + -2 - (-97 + 108)?
-19
Evaluate 2 + 4 + (-2 - -6) + -4 + -4.
2
Calculate 18 - (-9 - (-25 + (-11 - -15))).
6
-16 + 15 + (1 - -4) + 14 + -4
14
What is 0 - 5 - (11 - 8 - 8)?
0
What is the value of -18 + 2 + -117 + 132 - (2 + -9)?
6
(1 - -3) + 5 + (-19 + 9 - -7)
6
-14 + -32 + 57 - (-4 - -1)
14
What is the value of 17 + -15 - (3 - 4 - 11)?
14
Calculate -14 - ((-33 - 15) + 25).
9
Calculate (1 - (4 - -2)) + 11 + (-10 - -6).
2
What is the value of -783 - -781 - (3 + -6 + 5 - 24)?
20
Calculate -7 - (0 + -6 + -4).
3
Evaluate 9 + (-2 - -2) + (-26 - -27 - -5).
15
What is -2 - 1 - (-14 + -17 - -17)?
11
What is the value of -65 - -30 - (4 + -28)?
-11
What is the value of -2 - (-13 + 27 - 17)?
1
Calculate (-4 - 10) + 11 + -10.
-13
Calculate 3 - 6 - ((-2 - -5) + 7).
-13
What is the value of 4 - (7 + (9 - (-4 - -19)))?
3
Calculate 11 + 36 - 16 - 18 - -5.
18
What is the value of -4 + (17 - (10 - -7))?
-4
-60 - -56 - (1 + -9)
4
What is the value of (13 + (-5 - 6) - (1 + -10)) + -30?
-19
What is (-2 - -12) + (20 - (-13 + 35))?
8
Evaluate -1 + -2 - -8 - (10 + -5 - -2).
-2
What is the value of (8 - (21 - 9) - -9) + -15?
-10
What is 0 + -2 - 1 - (11 - 6)?
-8
Calculate 8 + 79 + -43 - 8.
36
What is 16 + -7 - 2 - (51 + -21)?
-23
What is the value of (0 - 9) + 5 + (3 - 33)?
-34
Evaluate 3 + (8 + -1 - (11 + -10)).
9
-4 + (10 - (11 + (10 - 11) + -4))
0
Evaluate 0 + (-8 - -1) - (33 + 0 + -30).
-10
(-3 - (-13 + 5)) + (-12 - -3) - 0
-4
35 + 0 - (79 + -41 - 24)
21
What is 1 + (-8 - -2) + -1 - -6?
0
Calculate (-1 - -3 - (3 - 3)) + (12 - 8).
6
What is the value of (27 - 10 - 13) + (-46 - -14)?
-28
What is -21 + 9 - -42 - 25?
5
What is (0 - (-6 - 0) - 10) + -5 - 1?
-10
Calculate (-8 - -14 - (2 + -8 + 0)) + -4.
8
Evaluate -113 - -97 - (-2 - 3).
-11
(-26 - (14 + -34)) + -3
-9
What is 712 + -724 - ((4 - -2) + 1)?
-19
Evaluate 7 + -11 - 0 - -13 - -16.
25
67 - (22 + -41 + 60)
26
-3 - (13 + -21 + 2 + -3)
6
Calculate 1 - (-4 + (16 - 5) + -1).
-5
Calculate -21 + 4 + (-5 + 13 - 1).
-10
What is the value of (22 - (31 + 3)) + 23?
11
What is (6 - (15 + -8 - 11)) + 2?
12
Evaluate 868 - 871 - (-1 + -18).
16
What is the value of (-4 - (3 + 14 - 4)) + 2?
-15
0 + 21 + (3 - ((7 - 12) + 14))
15
Evaluate -5 + (-2 - -23 - 27 - (1 + -10)).
-2
Calculate -3 - -7 - 8 - -8.
4
-32 + (2 - (0 - 10)) + 2
-18
-11 - -23 - (8 + -4 + -4)
12
-12 - (7 + -16 + 12 + -6 + 3)
-12
What is the value of 15 + 1 - (24 - (46 - 20))?
18
Evaluate -7 + (-15 - -12) + 1.
-9
What is 7 + -4 + (-1 + 9 - 38 - -8)?
-19
Evaluate -2 - -21 - (11 - (3 - 0)).
11
8 + 16 + -57 + -7
-40
What is the value of (6 - (-11 + 13) - -4) + 3?
11
Evaluate -5 + (3 - -1) - (1 + -7 - 5).
10
-1 + -2 - (0 - 1) - (11 + -15)
2
What is the value of (-12 - 6) + 13 - ((-1 - 0) + 1)?
-5
What is (-7 + 14 - (18 + 10)) + (-9 - 1)?
-31
Evaluate -10 - (-44 - -24 - -33).
-23
Evaluate 3 - (16 + -4 + -5).
-4
(-10 - 15) + 48 - 3
20
What is the value of -9 + 13 + 11 - 22?
-7
Evaluate 4 + 3 + 4 + (-1 - -5).
15
Evaluate -7 - (5 - 15 - -6).
-3
What is the value of (2 - -8) + -21 + (17 - 13)?
-7
Evaluate (125 - 163) + 13 + (0 - -1).
-24
Evaluate 36 + 11 + -10 - 48.
-11
Calculate 10 - (37 + -18) - 5.
-14
Calculate -1 + 1 + 5 - (-6 + -21 - -24).
8
Calculate -19 + 4 + 8 - -21 - (8 - -2).
4
0 - (21 + -29) - -2
10
Evaluate (18 - (8 + (-3 - -3))) + -1.
9
Calculate -8 + 7 - (6 + (-15 - 11)).
19
15 + 0 + (28 - 57)
-14
Evaluate (-7 + 27 - 7) + -4 + -1 + 3.
11
Calculate (-3 - -1) + 10 - (-19 + (4 - -3)).
20
Evaluate -16 - -13 - (-6 + -4).
7
What i